l(u) = -u**2 - 3*u - 3. Let v be ((-120)/3)/10*(12/(-8))/(-3). Give l(v).
-1
Let c(x) = -2*x**2 + 9*x - 2. Let j be ((-68)/(-8))/17*12. Give c(j).
-20
Suppose 0 = 2*y + 2*m, 12 + 8 = -2*y + 3*m. Let w(u) = 6 + 7*u**3 - 4*u**2 + 5*u + 9*u**2 - 6*u**3. Determine w(y).
2
Let j(u) be the third derivative of -25*u**4/24 + 22*u**3/3 - u**2 + 32*u - 29. Calculate j(4).
-56
Let f(d) be the first derivative of d**4/24 + d**3/3 - 36*d**2 - 42. Let b(z) be the second derivative of f(z). What is b(3)?
5
Let b(o) = o**2 - 5*o + 8. Suppose 18*m - 4 = 17*m. Let k be b(m). Suppose 4*u - g = -18, -u = -0*u + k*g + 13. Let q(i) = 3*i + 7. Calculate q(u).
-8
Let j(v) = 106*v - 12. Let i(l) = 496*l - 60. Let n(d) = 3*i(d) - 14*j(d). Calculate n(8).
20
Let n(y) be the first derivative of 5*y**2/2 - 64*y + 1425. Give n(10).
-14
Let i(d) = 0 + d**3 - 76505*d**2 + 2 + 76513*d**2. Give i(-4).
66
Let y be 11*(6/(-21) + (-18)/(-14)). Let q(h) = -h**2 + 0*h**2 + 161 + 155 + y*h - 335. Calculate q(8).
5
Let c be -4*(3 - (7 + -3)). Let g(z) = 5*z - 1. Let t(q) = -q - 2. Let o(u) = c*t(u) + g(u). Determine o(7).
-2
Let o(k) = 16*k**2 - 15*k - 65. Let h(u) = 3*u**2 - 3*u - 13. Let s(b) = -11*h(b) + 2*o(b). Suppose 3*m - 5*n - 8 = -5, -n = -5*m + 27. What is s(m)?
-5
Let p(j) = -6*j**2 - 29*j - 20. Let k = 11944 - 11948. What is p(k)?
0
Let a(w) = -120*w - 3. Let l(s) = -34*s - 1. Let r(b) = 2*a(b) - 7*l(b). Suppose -2*k + 20 + 10 = -4*m, -2*k = 2*m + 6. Calculate r(m).
13
Let p be 2/(-8) + 3*102/72. Suppose -p*o + 67 + 37 = 0. Let b(h) = -o - 2*h**2 + 2*h - 34 + 59. Determine b(-2).
-13
Let u(a) be the second derivative of a**4/12 - 6*a**2 + 29310*a. Let t = 0 - 0. Calculate u(t).
-12
Let j(x) = 3*x + x + 4 - 2*x - 3*x. Let g = -41 + 32. Calculate j(g).
13
Let j(f) = -33 + 66 - 2*f**2 - 9 - 16 - 4*f + f**2. Suppose v + 6 + 6 = d, -5*d - 3*v + 76 = 0. Suppose 4*q = -38 + d. What is j(q)?
-4
Suppose 20 = 7*j - 5*j. Suppose -144*n + j = -146*n. Let a(d) = -2*d**2 - 7*d - 7. What is a(n)?
-22
Let c(k) = 104*k + 4. Let z(t) = -84*t - 3. Let l(s) = 4*c(s) + 5*z(s). Give l(0).
1
Let q = -12267 - -12261. Let t(k) = 14*k + 89. What is t(q)?
5
Let s(z) = z**2 - 2*z - 11. Suppose 5*k = -10*k - 50 + 5. Determine s(k).
4
Suppose 163*m + 300 = 133*m. Let h(o) = -4*o - 28. Calculate h(m).
12
Let a(r) = -r + 0*r + 401 + 252 + r**2 - 654. Suppose n + 4*y - 15 = 0, -3*y + 25 - 7 = 3*n. What is a(n)?
5
Suppose 3*s = -2*t - 84, -t + 5*s = 1259 - 1243. Let d(a) = -a**2 - 31*a + 172. Give d(t).
-8
Let k(b) = 1255*b + 21 + 2*b**2 - 1251*b - 20. Calculate k(0).
1
Suppose 5 = -x, 2*x - 3750 = 22*s - 27*s. Let t = -744 + s. Let y(w) = w**2 - 6*w - 4. Determine y(t).
12
Let g(l) = l**3 + 6*l**2 - 19*l - 7. Suppose 3*b = 5*c + 58, -3*c + b = -4*b + 54. Determine g(c).
17
Let v(b) = 6*b + 14. Let k(j) = -j**2 - 38*j - 48. Let w be k(-37). Let u(d) = 18*d + 40. Let l(x) = w*v(x) + 4*u(x). Determine l(-6).
-30
Let a(s) be the second derivative of -s**3/6 - s**2/2 - 55904*s. Suppose -4*u - 2 = -4*o + 26, 2*o + 2 = -2*u. Suppose -o*c = 13 - 1. Calculate a(c).
3
Let k = 207 - 164. Suppose k - 51 = 2*o. Let q(s) = -s**3 - 7*s**2 - 4*s + 1. Give q(o).
-31
Suppose -5*b + 3*a = 208, b = -2*a - 23 - 29. Let z = 47 + b. Let c(d) = -4*d - 1. Determine c(z).
-13
Let a(s) = s**3 + s**2 - 3*s + 1. Suppose -2*j + 4*j - 113 = -3*x, -4*x + 4*j = -144. Let g(r) = -6*r + 218. Let v be g(x). Determine a(v).
-35
Let g = -1715 + 2496. Let w(d) = 2 - 3*d - g*d**2 + 780*d**2 - 3. Determine w(-1).
1
Let u(i) be the first derivative of i**2/2 - i - 38529. Let z be 2/(-5) + 18/(-5). Calculate u(z).
-5
Let u(w) be the third derivative of w**5/20 - 11*w**4/12 + 8*w**3/3 + 2470*w**2. Give u(7).
9
Let t(p) = -p**3 - 10*p**2 - 2*p - 14. Let c be t(-10). Let x(z) = -z + 20. Let l be x(18). Let b(w) = -c + 0*w**2 + 8*w - w**l - 16*w. Give b(-6).
6
Let g(b) = -b - 2. Let j(m) = 6*m**3 + m**2 + 2*m + 2. Let i = -1 - -6. Let n = -6 + i. Let p be j(n). Give g(p).
3
Let b(x) = 12*x + 2. Let l(m) = m**3 + 10*m**2 - 15*m + 10. Let h be l(-12). Let u = 96 + h. Determine b(u).
-22
Suppose -5*b = 2*d + 20, -2*b = b - 2*d + 12. Let l be (b - -8)*(0 + -1). Let y(k) be the second derivative of -k**3/6 + 2*k**2 - 5*k. Give y(l).
8
Let l(z) be the second derivative of z**5/120 - z**4/24 - 11*z**3/6 - 64*z. Let k(p) be the second derivative of l(p). Calculate k(7).
6
Let g(c) = -c + 0*c + 8278 - 8276. Suppose 0*x + 4*x = -4*i + 8, 0 = -3*i. Suppose y = -x*y. Calculate g(y).
2
Let s(g) = 9*g - 1137 - 1135 + 3414 - 1139. Give s(-14).
-123
Let g(r) = -22*r + 1366. Let l be g(62). Let j(q) = -q + 3. Determine j(l).
1
Let d(q) be the second derivative of -2 - 9*q - q**2 + 5/6*q**3 + 1/4*q**4 - 1/20*q**5. Let p = -5 + 9. Give d(p).
2
Let w(s) = -4*s - 8. Let u(o) = 22*o - 45. Let b(h) = u(h) - 5*w(h). Determine b(-2).
-89
Let o(j) = 13*j + 3. Suppose -3*b + 11 = 4*x, -8*x + 10*x = 10. What is o(b)?
-36
Let z(n) = 2*n**3 - 2*n**2 - n. Let m = -5247 + 5250. What is z(m)?
33
Let u(j) = -3*j - 6. Suppose -11*l = 4*l - 1290. Suppose 89*y - l*y = 15. What is u(y)?
-21
Let d(t) be the first derivative of -4*t**3/3 + t**2/2 + 2*t - 239043. Let v = -8 + 6. Give d(v).
-16
Let t(w) = -w**3 + 92*w**2 + 391*w - 676. Let m be t(96). Let a(i) = -14*i - 20. Give a(m).
36
Let w(n) = 2*n**3 - 10*n**2 + 2*n - 10. Let l(p) = -7*p**3 + 39*p**2 - 7*p + 39. Let a(i) = -4*l(i) - 15*w(i). What is a(-4)?
34
Let d(i) = 3*i + 2*i**2 + 5 + 4*i + 1. Let k = -695 + 1399. Let t = 700 - k. Determine d(t).
10
Let w(c) = -c**3 - 2*c**2 + 4*c + 3. Let f = -48 + 59. Let i = 22 - f. Suppose 9*g - i = -38. What is w(g)?
0
Let y(i) be the third derivative of -i**5/60 - i**4/3 - 13*i**3/6 - 2*i**2. Let o = -18546 + 18536. Give y(o).
-33
Let b(h) = 4*h - 16*h**2 - 25*h + 16*h**3 - 16 - 4*h - 7*h. Let r(q) = 3*q**3 - 3*q**2 - 6*q - 3. Let t(u) = 2*b(u) - 11*r(u). Determine t(2).
1
Let d(k) = 3*k + 1. Let g(a) = 10*a - 25. Let i be g(3). Let u be 4*i/15*-3. Determine d(u).
-11
Let g(w) = -445*w - 26 - 451*w - 452*w + 1350*w. What is g(6)?
-14
Let u = 21 - 17. Suppose -22 + 46 = -u*g. Let r(m) = m**3 + 7*m**2 + 8*m - 3. Calculate r(g).
-15
Let u(p) be the third derivative of -p**4/24 + p**3/6 + 3*p**2. Let x be (-15)/12 + (-680)/(-160). What is u(x)?
-2
Let g(p) be the first derivative of -p**4/4 + 5*p**3/3 - 9*p**2/2 - 10*p + 888. Give g(6).
-100
Let w(d) = d**2 + 2*d - 4. Let f be -1*(-327)/18*(0 + 6). Suppose -5*r - 514 = -f. Let p = r - -77. Give w(p).
4
Let q(x) = 4*x**2 + 2*x - 1. Let z be (-21)/(-9) - 4/12*-2. Suppose -d + o - z = 0, -5*o = -4*d - 6*o + 8. Determine q(d).
5
Suppose 4*o + 5*k - 48 = 0, k + 179 = 4*o + 155. Let f(h) = h**3 - 9*h**2 + 6*h + 5. What is f(o)?
-51
Let z(a) be the first derivative of -4*a**2 - 25 - 36 + 3*a**2 + 23*a - 27*a. Give z(-6).
8
Let i(u) = u**3 - 2*u**2 - 3*u + 3. Let k be i(2). Let n(m) be the second derivative of 5*m + 1/20*m**5 + 1/6*m**4 - 2*m**2 + 0 - 5/6*m**3. Calculate n(k).
2
Let c(a) = a**3 + 15*a**2 + 29*a - 14. Suppose p = 5*d + 67, -40*d + 45*d + 69 = 2*p. Give c(d).
-53
Let j(x) = x + 8. Let w(v) = -7 - 91*v + 184*v - 94*v. Let t(q) = 4*j(q) + 5*w(q). Suppose 25 = 5*a, -4*a = 2*g + g - 32. Give t(g).
-7
Let y(p) be the first derivative of 5/2*p**2 + 19*p - 286. Determine y(-4).
-1
Suppose 4*p - 16 = 0, 18*p = -2*v + 14*p + 20. Let o(g) = 6 - g**v - 7 - 5*g - 2 + 1. Determine o(-5).
-2
Let t(r) = -r + 9. Let d be t(5). Let q(g) = -4*g - 2. Let k be q(-1). Let l(x) = -69*x**k - x**3 + 8 - d + 6 + 77*x**2 - 10*x. Determine l(7).
-11
Let i(f) = -4*f**2 + 22*f + 8. Let n = -60 - -102. Suppose 109*t = 102*t + n. Give i(t).
-4
Let t(k) = -k**3 - 9*k**2 - 10*k + 21. Let u be t(-7). Let w(f) = -f**3 - 8*f**2 - 10*f - 16. Give w(u).
5
Suppose 3*t = -t - 4. Let v(c) be the third derivative of -c**9/30240 - c**8/20160 - c**5/3 - 41*c**2. Let z(s) be the third derivative of v(s). Determine z(t).
1
Let l = -9844 - -9855. Let o(n) = n**2 - 23*n + 133. What is o(l)?
1
Let y(l) be the first derivative of 2*l**3/3 + l**2 + l - 2719. Suppose -5*d = -6 + 21. Calculate y(d).
13
Let v(k) = k**2 + 6*k + 5. Let h be (-40)/(-220) - (-62)/22. Let y(f) = -f**3 + 4*f**2 - 2*f - 4. Let c be y(h). Let o be c*5 + (3 - (-3 + 5)). Determine v(o).
-3
Let p be 15/(-55) + 1736/